{"id":68,"date":"2018-05-09T13:30:19","date_gmt":"2018-05-09T10:30:19","guid":{"rendered":"http:\/\/demo.gesro.net\/eticaret\/?post_type=product&#038;p=68"},"modified":"2018-05-09T13:30:28","modified_gmt":"2018-05-09T10:30:28","slug":"lc-waikiki-genc-kiz-elbise","status":"publish","type":"product","link":"https:\/\/demo.gesro.net\/eticaret\/product\/lc-waikiki-genc-kiz-elbise\/","title":{"rendered":"LC Waikiki Gen\u00e7 K\u0131z Elbise"},"content":{"rendered":"<div id=\"ctl00_ContentPlaceHolder1_ProductControl1_MainControl1_TabControl1_ProductDescription1_CustomContentBottom\">\n<div id=\"flix-minisite\">LC Waikiki Gen\u00e7 K\u0131z Elbise<\/div>\n<div>%60 Pamuk %40 Poliamid<\/div>\n<div id=\"flix-inpage\">\n<div id=\"flixinpage_1525861462913\"><\/div>\n<\/div>\n<\/div>\n<table>\n<tbody>\n<tr>\n<td class=\"no-border\">\n<table>\n<tbody>\n<tr>\n<td>\n<div id=\"productTechSpecContainer\">\n<table class=\"data-list tech-spec\" style=\"height: 55px;\" width=\"908\">\n<caption>\u00a0<\/caption>\n<tbody>\n<tr>\n<th>Yurtd\u0131\u015f\u0131na Sat\u0131\u015f<\/th>\n<td>Yok<\/td>\n<\/tr>\n<tr>\n<th>Stok kodu<\/th>\n<td>HBV00000A9Q61<\/td>\n<\/tr>\n<\/tbody>\n<\/table>\n<\/div>\n<\/td>\n<\/tr>\n<\/tbody>\n<\/table>\n<\/td>\n<\/tr>\n<\/tbody>\n<\/table>\n","protected":false},"excerpt":{"rendered":"<p>LC Waikiki Gen\u00e7 K\u0131z Elbise %60 Pamuk %40 Poliamid \u00a0 Yurtd\u0131\u015f\u0131na Sat\u0131\u015f Yok Stok kodu HBV00000A9Q61<\/p>\n","protected":false},"featured_media":81,"comment_status":"open","ping_status":"closed","template":"","meta":[],"_links":{"self":[{"href":"https:\/\/demo.gesro.net\/eticaret\/wp-json\/wp\/v2\/product\/68"}],"collection":[{"href":"https:\/\/demo.gesro.net\/eticaret\/wp-json\/wp\/v2\/product"}],"about":[{"href":"https:\/\/demo.gesro.net\/eticaret\/wp-json\/wp\/v2\/types\/product"}],"replies":[{"embeddable":true,"href":"https:\/\/demo.gesro.net\/eticaret\/wp-json\/wp\/v2\/comments?post=68"}],"wp:featuredmedia":[{"embeddable":true,"href":"https:\/\/demo.gesro.net\/eticaret\/wp-json\/wp\/v2\/media\/81"}],"wp:attachment":[{"href":"https:\/\/demo.gesro.net\/eticaret\/wp-json\/wp\/v2\/media?parent=68"}],"curies":[{"name":"wp","href":"https:\/\/api.w.org\/{rel}","templated":true}]}}